{"id":911,"date":"2023-11-27T20:41:07","date_gmt":"2023-11-27T19:41:07","guid":{"rendered":"https:\/\/sarah-traiteur.fr\/?post_type=product&#038;p=911"},"modified":"2024-11-05T15:12:14","modified_gmt":"2024-11-05T14:12:14","slug":"tajine-agneau-pruneaux-abricots-amandes","status":"publish","type":"product","link":"https:\/\/sarah-traiteur.fr\/index.php\/produit\/tajine-agneau-pruneaux-abricots-amandes\/","title":{"rendered":"Tajine d&rsquo;agneau aux pruneaux abricots et amandes"},"content":{"rendered":"<p>Le tajine d&rsquo;agneau aux pruneaux, aux abricots et aux amandes est une merveille culinaire marocaine, d\u00e9bordante de saveurs exquises. Ce plat mijot\u00e9 marie la tendresse de l&rsquo;agneau \u00e0 la douceur des pruneaux et des abricots, cr\u00e9ant une symphonie sucr\u00e9e-sal\u00e9e, tandis que les amandes ajoutent une touche croquante et d\u00e9licieusement textur\u00e9e. Cuit lentement dans un tajine, ce festin offre une explosion de saveurs parfaitement \u00e9quilibr\u00e9es, formant une exp\u00e9rience culinaire authentique et d\u00e9licieusement inoubliable. Bienvenue \u00e0 la table du Tajine d&rsquo;Agneau aux Pruneaux, Abricots et Amandes, o\u00f9 chaque bouch\u00e9e raconte une histoire de traditions et de d\u00e9lices.<\/p>\n","protected":false},"excerpt":{"rendered":"<p>Go\u00fbtez notre tajine d&rsquo;agneau aux pruneaux, aux abricots et aux amandes, une d\u00e9lectation de la cuisine marocaine qui marie la tendresse de l&rsquo;agneau \u00e0 la douceur des pruneaux et des abricots, le tout accentu\u00e9 par la touche croquante des amandes.<\/p>\n<p>(Photo de tajine pour 3 personnes)<\/p>\n<p>17,00\u20ac la part, commande minimum : 6 parts<\/p>\n","protected":false},"featured_media":912,"comment_status":"open","ping_status":"closed","template":"","meta":[],"product_brand":[],"product_cat":[29,34,24],"product_tag":[],"class_list":{"0":"post-911","1":"product","2":"type-product","3":"status-publish","4":"has-post-thumbnail","6":"product_cat-agneau","7":"product_cat-sarah-traiteur","8":"product_cat-tajines","10":"first","11":"instock","12":"shipping-taxable","13":"purchasable","14":"product-type-simple"},"yoast_head":"<!-- This site is optimized with the Yoast SEO plugin v27.4 - https:\/\/yoast.com\/product\/yoast-seo-wordpress\/ -->\n<title>Tajine d&#039;agneau aux pruneaux abricots et amandes - Sarah Traiteur<\/title>\n<meta name=\"description\" content=\"Tajine d&#039;agneau aux pruneaux, aux abricots et aux amandes, une d\u00e9lectation qui marie la tendresse de l&#039;agneau, la douceur des pruneaux et des abricots...\" \/>\n<meta name=\"robots\" content=\"index, follow, max-snippet:-1, max-image-preview:large, max-video-preview:-1\" \/>\n<link rel=\"canonical\" href=\"https:\/\/sarah-traiteur.fr\/index.php\/produit\/tajine-agneau-pruneaux-abricots-amandes\/\" \/>\n<meta property=\"og:locale\" content=\"fr_FR\" \/>\n<meta property=\"og:type\" content=\"article\" \/>\n<meta property=\"og:title\" content=\"Tajine d&#039;agneau aux pruneaux abricots et amandes - Sarah Traiteur\" \/>\n<meta property=\"og:description\" content=\"Tajine d&#039;agneau aux pruneaux, aux abricots et aux amandes, une d\u00e9lectation qui marie la tendresse de l&#039;agneau, la douceur des pruneaux et des abricots...\" \/>\n<meta property=\"og:url\" content=\"https:\/\/sarah-traiteur.fr\/index.php\/produit\/tajine-agneau-pruneaux-abricots-amandes\/\" \/>\n<meta property=\"og:site_name\" content=\"Sarah Traiteur\" \/>\n<meta property=\"article:publisher\" content=\"https:\/\/www.facebook.com\/profile.php?id=100082960370860&amp;locale=fr_FR\" \/>\n<meta property=\"article:modified_time\" content=\"2024-11-05T14:12:14+00:00\" \/>\n<meta property=\"og:image\" content=\"https:\/\/sarah-traiteur.fr\/wp-content\/uploads\/2023\/11\/tajine-agneau-pruneaux-abricots-amandes-768x1024.png\" \/>\n\t<meta property=\"og:image:width\" content=\"768\" \/>\n\t<meta property=\"og:image:height\" content=\"1024\" \/>\n\t<meta property=\"og:image:type\" content=\"image\/png\" \/>\n<meta name=\"twitter:card\" content=\"summary_large_image\" \/>\n<meta name=\"twitter:label1\" content=\"Dur\u00e9e de lecture estim\u00e9e\" \/>\n\t<meta name=\"twitter:data1\" content=\"1 minute\" \/>\n<script type=\"application\/ld+json\" class=\"yoast-schema-graph\">{\"@context\":\"https:\\\/\\\/schema.org\",\"@graph\":[{\"@type\":\"WebPage\",\"@id\":\"https:\\\/\\\/sarah-traiteur.fr\\\/index.php\\\/produit\\\/tajine-agneau-pruneaux-abricots-amandes\\\/\",\"url\":\"https:\\\/\\\/sarah-traiteur.fr\\\/index.php\\\/produit\\\/tajine-agneau-pruneaux-abricots-amandes\\\/\",\"name\":\"Tajine d'agneau aux pruneaux abricots et amandes - Sarah Traiteur\",\"isPartOf\":{\"@id\":\"https:\\\/\\\/sarah-traiteur.fr\\\/#website\"},\"primaryImageOfPage\":{\"@id\":\"https:\\\/\\\/sarah-traiteur.fr\\\/index.php\\\/produit\\\/tajine-agneau-pruneaux-abricots-amandes\\\/#primaryimage\"},\"image\":{\"@id\":\"https:\\\/\\\/sarah-traiteur.fr\\\/index.php\\\/produit\\\/tajine-agneau-pruneaux-abricots-amandes\\\/#primaryimage\"},\"thumbnailUrl\":\"https:\\\/\\\/i0.wp.com\\\/sarah-traiteur.fr\\\/wp-content\\\/uploads\\\/2023\\\/11\\\/tajine-agneau-pruneaux-abricots-amandes.png?fit=3024%2C4032&ssl=1\",\"datePublished\":\"2023-11-27T19:41:07+00:00\",\"dateModified\":\"2024-11-05T14:12:14+00:00\",\"description\":\"Tajine d'agneau aux pruneaux, aux abricots et aux amandes, une d\u00e9lectation qui marie la tendresse de l'agneau, la douceur des pruneaux et des abricots...\",\"breadcrumb\":{\"@id\":\"https:\\\/\\\/sarah-traiteur.fr\\\/index.php\\\/produit\\\/tajine-agneau-pruneaux-abricots-amandes\\\/#breadcrumb\"},\"inLanguage\":\"fr-FR\",\"potentialAction\":[{\"@type\":\"ReadAction\",\"target\":[\"https:\\\/\\\/sarah-traiteur.fr\\\/index.php\\\/produit\\\/tajine-agneau-pruneaux-abricots-amandes\\\/\"]}]},{\"@type\":\"ImageObject\",\"inLanguage\":\"fr-FR\",\"@id\":\"https:\\\/\\\/sarah-traiteur.fr\\\/index.php\\\/produit\\\/tajine-agneau-pruneaux-abricots-amandes\\\/#primaryimage\",\"url\":\"https:\\\/\\\/i0.wp.com\\\/sarah-traiteur.fr\\\/wp-content\\\/uploads\\\/2023\\\/11\\\/tajine-agneau-pruneaux-abricots-amandes.png?fit=3024%2C4032&ssl=1\",\"contentUrl\":\"https:\\\/\\\/i0.wp.com\\\/sarah-traiteur.fr\\\/wp-content\\\/uploads\\\/2023\\\/11\\\/tajine-agneau-pruneaux-abricots-amandes.png?fit=3024%2C4032&ssl=1\",\"width\":3024,\"height\":4032,\"caption\":\"tajine agneau pruneaux abricots amandes\"},{\"@type\":\"BreadcrumbList\",\"@id\":\"https:\\\/\\\/sarah-traiteur.fr\\\/index.php\\\/produit\\\/tajine-agneau-pruneaux-abricots-amandes\\\/#breadcrumb\",\"itemListElement\":[{\"@type\":\"ListItem\",\"position\":1,\"name\":\"Accueil\",\"item\":\"https:\\\/\\\/sarah-traiteur.fr\\\/\"},{\"@type\":\"ListItem\",\"position\":2,\"name\":\"Commander\",\"item\":\"https:\\\/\\\/sarah-traiteur.fr\\\/index.php\\\/commande-commander\\\/\"},{\"@type\":\"ListItem\",\"position\":3,\"name\":\"Tajine d&#8217;agneau aux pruneaux abricots et amandes\"}]},{\"@type\":\"WebSite\",\"@id\":\"https:\\\/\\\/sarah-traiteur.fr\\\/#website\",\"url\":\"https:\\\/\\\/sarah-traiteur.fr\\\/\",\"name\":\"Sarah Traiteur\",\"description\":\"Voyagez au c\u0153ur des saveurs\",\"publisher\":{\"@id\":\"https:\\\/\\\/sarah-traiteur.fr\\\/#organization\"},\"potentialAction\":[{\"@type\":\"SearchAction\",\"target\":{\"@type\":\"EntryPoint\",\"urlTemplate\":\"https:\\\/\\\/sarah-traiteur.fr\\\/?s={search_term_string}\"},\"query-input\":{\"@type\":\"PropertyValueSpecification\",\"valueRequired\":true,\"valueName\":\"search_term_string\"}}],\"inLanguage\":\"fr-FR\"},{\"@type\":\"Organization\",\"@id\":\"https:\\\/\\\/sarah-traiteur.fr\\\/#organization\",\"name\":\"Sarah Traiteur\",\"url\":\"https:\\\/\\\/sarah-traiteur.fr\\\/\",\"logo\":{\"@type\":\"ImageObject\",\"inLanguage\":\"fr-FR\",\"@id\":\"https:\\\/\\\/sarah-traiteur.fr\\\/#\\\/schema\\\/logo\\\/image\\\/\",\"url\":\"https:\\\/\\\/sarah-traiteur.fr\\\/wp-content\\\/uploads\\\/2023\\\/11\\\/Logo-Sarah-traiteur-sans-fond.png\",\"contentUrl\":\"https:\\\/\\\/sarah-traiteur.fr\\\/wp-content\\\/uploads\\\/2023\\\/11\\\/Logo-Sarah-traiteur-sans-fond.png\",\"width\":6729,\"height\":6730,\"caption\":\"Sarah Traiteur\"},\"image\":{\"@id\":\"https:\\\/\\\/sarah-traiteur.fr\\\/#\\\/schema\\\/logo\\\/image\\\/\"},\"sameAs\":[\"https:\\\/\\\/www.facebook.com\\\/profile.php?id=100082960370860&locale=fr_FR\"]}]}<\/script>\n<!-- \/ Yoast SEO plugin. -->","yoast_head_json":{"title":"Tajine d'agneau aux pruneaux abricots et amandes - Sarah Traiteur","description":"Tajine d'agneau aux pruneaux, aux abricots et aux amandes, une d\u00e9lectation qui marie la tendresse de l'agneau, la douceur des pruneaux et des abricots...","robots":{"index":"index","follow":"follow","max-snippet":"max-snippet:-1","max-image-preview":"max-image-preview:large","max-video-preview":"max-video-preview:-1"},"canonical":"https:\/\/sarah-traiteur.fr\/index.php\/produit\/tajine-agneau-pruneaux-abricots-amandes\/","og_locale":"fr_FR","og_type":"article","og_title":"Tajine d'agneau aux pruneaux abricots et amandes - Sarah Traiteur","og_description":"Tajine d'agneau aux pruneaux, aux abricots et aux amandes, une d\u00e9lectation qui marie la tendresse de l'agneau, la douceur des pruneaux et des abricots...","og_url":"https:\/\/sarah-traiteur.fr\/index.php\/produit\/tajine-agneau-pruneaux-abricots-amandes\/","og_site_name":"Sarah Traiteur","article_publisher":"https:\/\/www.facebook.com\/profile.php?id=100082960370860&locale=fr_FR","article_modified_time":"2024-11-05T14:12:14+00:00","og_image":[{"width":768,"height":1024,"url":"https:\/\/sarah-traiteur.fr\/wp-content\/uploads\/2023\/11\/tajine-agneau-pruneaux-abricots-amandes-768x1024.png","type":"image\/png"}],"twitter_card":"summary_large_image","twitter_misc":{"Dur\u00e9e de lecture estim\u00e9e":"1 minute"},"schema":{"@context":"https:\/\/schema.org","@graph":[{"@type":"WebPage","@id":"https:\/\/sarah-traiteur.fr\/index.php\/produit\/tajine-agneau-pruneaux-abricots-amandes\/","url":"https:\/\/sarah-traiteur.fr\/index.php\/produit\/tajine-agneau-pruneaux-abricots-amandes\/","name":"Tajine d'agneau aux pruneaux abricots et amandes - Sarah Traiteur","isPartOf":{"@id":"https:\/\/sarah-traiteur.fr\/#website"},"primaryImageOfPage":{"@id":"https:\/\/sarah-traiteur.fr\/index.php\/produit\/tajine-agneau-pruneaux-abricots-amandes\/#primaryimage"},"image":{"@id":"https:\/\/sarah-traiteur.fr\/index.php\/produit\/tajine-agneau-pruneaux-abricots-amandes\/#primaryimage"},"thumbnailUrl":"https:\/\/i0.wp.com\/sarah-traiteur.fr\/wp-content\/uploads\/2023\/11\/tajine-agneau-pruneaux-abricots-amandes.png?fit=3024%2C4032&ssl=1","datePublished":"2023-11-27T19:41:07+00:00","dateModified":"2024-11-05T14:12:14+00:00","description":"Tajine d'agneau aux pruneaux, aux abricots et aux amandes, une d\u00e9lectation qui marie la tendresse de l'agneau, la douceur des pruneaux et des abricots...","breadcrumb":{"@id":"https:\/\/sarah-traiteur.fr\/index.php\/produit\/tajine-agneau-pruneaux-abricots-amandes\/#breadcrumb"},"inLanguage":"fr-FR","potentialAction":[{"@type":"ReadAction","target":["https:\/\/sarah-traiteur.fr\/index.php\/produit\/tajine-agneau-pruneaux-abricots-amandes\/"]}]},{"@type":"ImageObject","inLanguage":"fr-FR","@id":"https:\/\/sarah-traiteur.fr\/index.php\/produit\/tajine-agneau-pruneaux-abricots-amandes\/#primaryimage","url":"https:\/\/i0.wp.com\/sarah-traiteur.fr\/wp-content\/uploads\/2023\/11\/tajine-agneau-pruneaux-abricots-amandes.png?fit=3024%2C4032&ssl=1","contentUrl":"https:\/\/i0.wp.com\/sarah-traiteur.fr\/wp-content\/uploads\/2023\/11\/tajine-agneau-pruneaux-abricots-amandes.png?fit=3024%2C4032&ssl=1","width":3024,"height":4032,"caption":"tajine agneau pruneaux abricots amandes"},{"@type":"BreadcrumbList","@id":"https:\/\/sarah-traiteur.fr\/index.php\/produit\/tajine-agneau-pruneaux-abricots-amandes\/#breadcrumb","itemListElement":[{"@type":"ListItem","position":1,"name":"Accueil","item":"https:\/\/sarah-traiteur.fr\/"},{"@type":"ListItem","position":2,"name":"Commander","item":"https:\/\/sarah-traiteur.fr\/index.php\/commande-commander\/"},{"@type":"ListItem","position":3,"name":"Tajine d&#8217;agneau aux pruneaux abricots et amandes"}]},{"@type":"WebSite","@id":"https:\/\/sarah-traiteur.fr\/#website","url":"https:\/\/sarah-traiteur.fr\/","name":"Sarah Traiteur","description":"Voyagez au c\u0153ur des saveurs","publisher":{"@id":"https:\/\/sarah-traiteur.fr\/#organization"},"potentialAction":[{"@type":"SearchAction","target":{"@type":"EntryPoint","urlTemplate":"https:\/\/sarah-traiteur.fr\/?s={search_term_string}"},"query-input":{"@type":"PropertyValueSpecification","valueRequired":true,"valueName":"search_term_string"}}],"inLanguage":"fr-FR"},{"@type":"Organization","@id":"https:\/\/sarah-traiteur.fr\/#organization","name":"Sarah Traiteur","url":"https:\/\/sarah-traiteur.fr\/","logo":{"@type":"ImageObject","inLanguage":"fr-FR","@id":"https:\/\/sarah-traiteur.fr\/#\/schema\/logo\/image\/","url":"https:\/\/sarah-traiteur.fr\/wp-content\/uploads\/2023\/11\/Logo-Sarah-traiteur-sans-fond.png","contentUrl":"https:\/\/sarah-traiteur.fr\/wp-content\/uploads\/2023\/11\/Logo-Sarah-traiteur-sans-fond.png","width":6729,"height":6730,"caption":"Sarah Traiteur"},"image":{"@id":"https:\/\/sarah-traiteur.fr\/#\/schema\/logo\/image\/"},"sameAs":["https:\/\/www.facebook.com\/profile.php?id=100082960370860&locale=fr_FR"]}]}},"_links":{"self":[{"href":"https:\/\/sarah-traiteur.fr\/index.php\/wp-json\/wp\/v2\/product\/911","targetHints":{"allow":["GET"]}}],"collection":[{"href":"https:\/\/sarah-traiteur.fr\/index.php\/wp-json\/wp\/v2\/product"}],"about":[{"href":"https:\/\/sarah-traiteur.fr\/index.php\/wp-json\/wp\/v2\/types\/product"}],"replies":[{"embeddable":true,"href":"https:\/\/sarah-traiteur.fr\/index.php\/wp-json\/wp\/v2\/comments?post=911"}],"wp:featuredmedia":[{"embeddable":true,"href":"https:\/\/sarah-traiteur.fr\/index.php\/wp-json\/wp\/v2\/media\/912"}],"wp:attachment":[{"href":"https:\/\/sarah-traiteur.fr\/index.php\/wp-json\/wp\/v2\/media?parent=911"}],"wp:term":[{"taxonomy":"product_brand","embeddable":true,"href":"https:\/\/sarah-traiteur.fr\/index.php\/wp-json\/wp\/v2\/product_brand?post=911"},{"taxonomy":"product_cat","embeddable":true,"href":"https:\/\/sarah-traiteur.fr\/index.php\/wp-json\/wp\/v2\/product_cat?post=911"},{"taxonomy":"product_tag","embeddable":true,"href":"https:\/\/sarah-traiteur.fr\/index.php\/wp-json\/wp\/v2\/product_tag?post=911"}],"curies":[{"name":"wp","href":"https:\/\/api.w.org\/{rel}","templated":true}]}}